**2 - 2. Let b be (390/4)/((-9)/(-18)). Let x = -189 + b. What is the remainder when o(-2) is divided by x?
4
Suppose 0 = 5*q - 4*b - 1319, -3*q + 944 = 5*b + 123. What is the remainder when q is divided by 15?
12
Let l be (0 - 3)/(3/(-20)). Let j be ((-42)/(-27))/((-38)/171). Let h = l - j. Calculate the remainder when h is divided by 3.
0
Suppose -2*u - 6*c + 4214 = -3802, 5*u + 5*c - 20030 = 0. Calculate the remainder when u is divided by 80.
5
Suppose -74*r = -79*r + 855. Let i = 185 - r. What is the remainder when 52 is divided by i?
10
Let d(z) = -54*z + 1. Let x(s) = -3*s - 11. Let g be x(-3). Calculate the remainder when d(g) is divided by (14 + -4 + -3)*2.
11
Suppose 3420 = -207*q + 245*q. Calculate the remainder when q is divided by 39.
12
Suppose -4*v - 8 = -20, -3*l - 2*v = 51. Let c = l - -22. Suppose c*q + 74 = i, 0*i + 86 = i + q. Calculate the remainder when i is divided by 43.
40
Suppose 0 = 2*w + 5*a + 41, 293*w - 292*w = a + 18. Let o = 0 - 0. What is the remainder when w is divided by (-1 + -2)/(-1 + o)?
1
Let y = -67 - 4. Let b = y + 136. Suppose 0 = 5*m + 2*v - 81, 5*m - 19 = -3*v + b. Calculate the remainder when 43 is divided by m.
13
Suppose -7 = -5*z - 2, 3*z - 906 = -3*k. Calculate the remainder when k is divided by 9.
4
Suppose 5*z - 1020 = 3*d + 8*z, 5*d - z = -1688. Let g = 223 + d. Let t = g + 258. What is the remainder when t is divided by 36?
35
Let z = 5747 - 1070. What is the remainder when z is divided by 151?
147
Suppose 3*f - 3*a - 126 = 0, -2*f - 5*a = f - 86. Let s(j) = -j**2 - 4*j + 7. Suppose -8*r = -6*r + 6. Calculate the remainder when f is divided by s(r).
7
Let g be (-6 + 0 + 5)*-7. Suppose 0 = 3*a - 4*x - g, 3*a - 5*a + 2*x + 4 = 0. What is the remainder when 4 is divided by a?
0
Suppose 7321 = -19*u + 8138. What is the remainder when 639 is divided by u?
37
What is the remainder when 13796 is divided by (40/6)/((1/(-15))/(711/(-474)))?
146
Let r(f) = -f**3 - 11*f**2 - 3*f + 5. Suppose 0 = 47*q - 52*q + 70. What is the remainder when r(-11) is divided by q?
10
Let r = -32 - -61. Let w = r - 15. Suppose 5*f = 5*p + 35, 7*p - 9*p = 4*f - 10. Calculate the remainder when w is divided by f.
2
Suppose 2*t = 3*l + 148, 0*l = -t + 5*l + 88. Suppose -m + 45 = 2*i, 6*m + 40 = 3*i + 2*m. What is the remainder when i is divided by (t - 64)/(4/14)?
6
Suppose 86*p + 3572 - 9162 = 0. Calculate the remainder when 227 is divided by p.
32
Let f(x) = -x**2 + 35*x + 22. Suppose 0 = c + 2*k - 53, 0 = 62*c - 57*c + 5*k - 270. What is the remainder when f(17) is divided by c?
53
Suppose 5*y + 107 = 2*v, -18*v + 5*y = -15*v - 168. What is the remainder when 349 is divided by v?
44
Suppose -3*u + 13 - 7 = 0. Let k(j) = -2*j**3 - j**2 + 3*j - 4. Let d be k(u). Let i = 123 + d. What is the remainder when i is divided by 12?
9
Let m = 45 - 37. Suppose 4*y + 32 = m. What is the remainder when 38/57 + 2 + (-428)/y is divided by 25?
24
Let q(p) = -2*p**2 - 15*p - 10. Let r be (-2)/((-12)/(-5) + -6 + 4). What is the remainder when 85 is divided by q(r)?
10
Suppose -22*p + 49807 + 80349 = -30752. Calculate the remainder when p is divided by 27.
24
Suppose -k = 2*k + y - 48, 0 = -k - 2*y + 11. Let r(t) = -5 - t**2 + 15*t - 4 + 3 - 6. Calculate the remainder when r(12) is divided by k.
7
Suppose 0 = -5*l - 19 + 179. Suppose -68*a - l = -72*a. Suppose -c - 5*c + 420 = 0. What is the remainder when c is divided by a?
6
Let q = -4397 + 5097. What is the remainder when q is divided by 82?
44
Let a(k) = -k**3 + 9*k**2 - 4*k + 39. Let t be a(9). What is the remainder when 152 is divided by 3 - 42*(-2)/t?
28
Let t = -11 - -111. Calculate the remainder when t is divided by (8/32)/((-5)/(-20))*31.
7
Suppose -51 = -5*k + 2*k. What is the remainder when (6*(-314)/(-48))/((-1)/(-4)) - (-3 - -11) is divided by k?
13
Suppose 75 = v + 2*v. What is the remainder when ((-273)/(-2))/(-3)*(-221306)/33677 is divided by v?
24
Let t(w) be the third derivative of -w**4/24 - 19*w**3/6 + 2*w**2 + 28. What is the remainder when 317 is divided by t(-30)?
9
Let p(t) = -5*t**2 - 53*t + 79. What is the remainder when p(-11) is divided by 20?
17
Let c = -124 + 124. Suppose a = 4*y - 640, 2*y - 2*a + c*a = 314. What is the remainder when y is divided by 9?
8
Let k(t) = -485*t + 528. Calculate the remainder when 427 is divided by k(1).
40
Let l(p) = -p**3 - 30*p**2 + 9*p + 42. Let a be l(-31). Let o = a + -705. What is the remainder when 48 is divided by o?
10
Let w be 9/2*710/5. Suppose -11*h - w = -20*h. What is the remainder when 211 is divided by h?
69
Let w = 189 + -175. Suppose w*n - 16*n = -2*m - 68, 0 = 2*n - 5*m - 74. Calculate the remainder when n is divided by 10.
2
Let v(p) be the third derivative of -p**4/24 + 23*p**3/6 - 18*p**2 - p. What is the remainder when 63 is divided by v(-10)?
30
Let n = -55 + 81. Let q = 748 + -438. What is the remainder when q is divided by n?
24
Let b = 4348 + -4345. Calculate the remainder when 3966 is divided by b.
0
Let n(r) = 328*r - 1873. Calculate the remainder when 1042 is divided by n(6).
92
Suppose -5*x + 10 = -4*x - 3*b, 3*x - 2*b - 16 = 0. What is the remainder when 232 is divided by x?
0
Suppose -i - 3*i + k - 20 = 0, 12 = 3*k. Let y = i + 20. What is the remainder when (36/(-7))/(-6 + (-123)/(-21)) is divided by y?
4
Let b = -5 - -4. Let o(k) = -180*k. What is the remainder when o(b) is divided by 13 - 3 - (-21 - 21) - 2*3?
42
Let d(r) = 19*r**2 + 105*r + 14. Calculate the remainder when 615 is divided by d(-6).
3
Let p(i) = 81*i + 10486. What is the remainder when p(-129) is divided by 2?
1
Suppose 399 = 6*z - 303. Suppose z - 468 = -9*l. Calculate the remainder when l is divided by 10.
9
What is the remainder when 2915 is divided by 7/((-9)/21 - (-163)/364)?
3
Let k(m) = -553*m - 977. What is the remainder when 1546 is divided by k(-2)?
127
Suppose 0 = -5*b + 64 + 161. Suppose 5*i - 58*d - 434 = -59*d, 4*d - 344 = -4*i. Let x = i - b. Calculate the remainder when x is divided by 17.
8
Suppose 0 = -1618*u + 1619*u - 170. What is the remainder when 2204 is divided by u?
164
Let g(c) = -c**2 - 8*c + 20. Let k be g(-10). Suppose k*v = 9*v - 171. Calculate the remainder when v is divided by 5.
4
Let h = 352 - 313. Let z be 3/(-1 - 7/(-4)). Suppose -3*f + 5*r + 33 + 50 = 0, 0 = -5*f - z*r + 89. What is the remainder when h is divided by f?
18
Suppose 3*y + 8 = 2*c, 0*y - 2*y = -3*c + 12. Let b = 19 + -19. Suppose b*s - 2*s + 6 = y. What is the remainder when 6 is divided by s?
0
Let z(n) = n**3 - 114*n**2 + 451*n + 218. Calculate the remainder when z(110) is divided by 143.
141
Let m = -103 - -105. Suppose 12 = -4*a, m*f - 2*a + 4*a = 30. Calculate the remainder when 69 is divided by f.
15
Suppose 9*c = 4*c + 20. Suppose -126 = -6*o + c*o. What is the remainder when o is divided by (10/(-4))/((-590)/708)?
0
Suppose 0 = -3*d + 7*h - 9*h + 505, -170 = -d - h. Calculate the remainder when d is divided by 157.
8
Let b(c) = 36*c - 32. Let k be b(2). Let p(v) = v**2 - 33*v - 257. Suppose -5*w + 2*w + 273 = 0. What is the remainder when w is divided by p(k)?
22
Suppose i + 23 = -0*i. Let k = i + 25. Calculate the remainder when ((49/(-4))/(-7) + -3)*-12 is divided by k.
1
Let g be 196*(27/6 - 5). Suppose 3*c + 2*t - 97 = 0, 3*c - 105 = -t - 7. What is the remainder when (1 + g)*(1 + (-6 - -4)) is divided by c?
31
Suppose 12*r = -0*r - 7572. Calculate the remainder when r/(-17) + (-6)/51 is divided by 20.
17
Suppose 5*z + 40 = 0, 9*g + 3*z - 1232 = 8*g. What is the remainder when g is divided by 249?
11
Let b(c) = 97*c - 2543. What is the remainder when b(43) is divided by 102?
98
Let j be 15/(-3) + -2 + 3 - -7. Calculate the remainder when ((-56)/12)/(j*4/(-306)) is divided by 30.
29
Suppose 3*b = 5 + 1. Suppose -5*z + 7 = 3*a, -3*z + 7 = -a - 0. Suppose -5*h = -b*d - 1123 + 390, -z*d - 8 = 0. What is the remainder when h is divided by 21?
19
Suppose -2347 - 2645 = -16*n. Let r = n - 264. Calculate the remainder when r is divided by 25.
23
Let t(w) = 11*w**3 + w**2 + 2*w - 6. Suppose 2*s + 4*f = 3*f + 3, 4*s + 5*f = -3. Calculate the remainder when t(s) is divided by 7.
5
Let k = 2244 - 1858. Calculate the remainder when k is divided by 99.
89
Suppose -3*g + 4*w = -2, 6*g - 3*w - 12 = 2*g. Suppose g*y + 240 = y. Wh